{"id":782,"date":"2023-07-18T07:55:31","date_gmt":"2023-07-18T07:55:31","guid":{"rendered":"https:\/\/www.walfen.com\/?page_id=782"},"modified":"2023-11-23T08:07:36","modified_gmt":"2023-11-23T08:07:36","slug":"desarrollo-de-software","status":"publish","type":"page","link":"https:\/\/www.walfen.com\/index.php\/es\/desarrollo-de-software\/","title":{"rendered":"Walfen"},"content":{"rendered":"\n<div class=\"wp-block-cover alignfull\" style=\"min-height:700px;aspect-ratio:unset;\"><span aria-hidden=\"true\" class=\"wp-block-cover__background has-background-dim-90 has-background-dim wp-block-cover__gradient-background has-background-gradient has-very-light-gray-to-cyan-bluish-gray-gradient-background\"><\/span><img loading=\"lazy\" decoding=\"async\" width=\"2560\" height=\"1710\" class=\"wp-block-cover__image-background wp-image-52\" alt=\"\" src=\"https:\/\/www.walfen.es\/wp-content\/uploads\/2021\/08\/pexels-cottonbro-4065876-scaled.jpg\" style=\"object-position:33% 37%\" data-object-fit=\"cover\" data-object-position=\"33% 37%\" srcset=\"https:\/\/www.walfen.com\/wp-content\/uploads\/2021\/08\/pexels-cottonbro-4065876-scaled.jpg 2560w, https:\/\/www.walfen.com\/wp-content\/uploads\/2021\/08\/pexels-cottonbro-4065876-300x200.jpg 300w, https:\/\/www.walfen.com\/wp-content\/uploads\/2021\/08\/pexels-cottonbro-4065876-1024x684.jpg 1024w, https:\/\/www.walfen.com\/wp-content\/uploads\/2021\/08\/pexels-cottonbro-4065876-768x513.jpg 768w, https:\/\/www.walfen.com\/wp-content\/uploads\/2021\/08\/pexels-cottonbro-4065876-1536x1026.jpg 1536w, https:\/\/www.walfen.com\/wp-content\/uploads\/2021\/08\/pexels-cottonbro-4065876-2048x1368.jpg 2048w, https:\/\/www.walfen.com\/wp-content\/uploads\/2021\/08\/pexels-cottonbro-4065876-930x620.jpg 930w\" sizes=\"auto, (max-width: 2560px) 100vw, 2560px\" \/><div class=\"wp-block-cover__inner-container is-layout-flow wp-block-cover-is-layout-flow\">\n<div style=\"height:80px\" aria-hidden=\"true\" class=\"wp-block-spacer\"><\/div>\n\n\n\n<h1 class=\"wp-block-heading has-text-align-center has-text-color\" style=\"color:#121212\">Software a medida<\/h1>\n\n\n\n<p class=\"has-text-align-center has-text-color\" style=\"color:#121212;font-size:26px\">Transformamos tus ideas en aplicaciones completas y listas para usar.<\/p>\n\n\n\n<div class=\"wp-block-buttons is-horizontal is-content-justification-center is-layout-flex wp-container-core-buttons-is-layout-499968f5 wp-block-buttons-is-layout-flex\">\n<div class=\"wp-block-button is-style-primary\"><a class=\"wp-block-button__link wp-element-button\" href=\"https:\/\/www.walfen.com\/index.php\/es\/contacto\">Cont\u00e1ctanos<\/a><\/div>\n<\/div>\n\n\n\n<div style=\"height:80px\" aria-hidden=\"true\" class=\"wp-block-spacer\"><\/div>\n\n\n\n<div style=\"height:80px\" aria-hidden=\"true\" class=\"wp-block-spacer\"><\/div>\n<\/div><\/div>\n\n\n\n<div style=\"height:100px\" aria-hidden=\"true\" class=\"wp-block-spacer\"><\/div>\n\n\n\n<div class=\"wp-block-columns is-layout-flex wp-container-core-columns-is-layout-9d6595d7 wp-block-columns-is-layout-flex\">\n<div class=\"wp-block-column is-layout-flow wp-block-column-is-layout-flow\"><div class=\"wp-block-image is-resized icon-style is-style-default\">\n<figure class=\"aligncenter\"><img decoding=\"async\" src=\"https:\/\/www.walfen.es\/wp-content\/themes\/neve\/assets\/img\/starter-content\/icon-03.svg\" alt=\"\"\/><\/figure>\n<\/div>\n\n\n<div style=\"height:10px\" aria-hidden=\"true\" class=\"wp-block-spacer\"><\/div>\n\n\n\n<h3 class=\"wp-block-heading has-text-align-center has-neve-text-color-color has-text-color\">Experiencia<\/h3>\n\n\n\n<p class=\"has-text-align-center\">Poseemos una larga experiencia en la entrega de aplicaciones web seguras para empresas y organizaciones internacionales.<\/p>\n\n\n\n<div style=\"height:20px\" aria-hidden=\"true\" class=\"wp-block-spacer\"><\/div>\n<\/div>\n\n\n\n<div class=\"wp-block-column is-layout-flow wp-block-column-is-layout-flow\"><div class=\"wp-block-image is-resized icon-style is-style-default\">\n<figure class=\"aligncenter\"><img decoding=\"async\" src=\"https:\/\/www.walfen.es\/wp-content\/themes\/neve\/assets\/img\/starter-content\/icon-02.svg\" alt=\"\"\/><\/figure>\n<\/div>\n\n\n<div style=\"height:10px\" aria-hidden=\"true\" class=\"wp-block-spacer\"><\/div>\n\n\n\n<h3 class=\"wp-block-heading has-text-align-center has-neve-text-color-color has-text-color\">Flexibilidad<\/h3>\n\n\n\n<p class=\"has-text-align-center\">Nuestras soluciones se pueden adaptar a tus necesidades. En Walfen hacemos software que cumple con tus necesidades.<\/p>\n\n\n\n<div style=\"height:20px\" aria-hidden=\"true\" class=\"wp-block-spacer\"><\/div>\n<\/div>\n\n\n\n<div class=\"wp-block-column is-layout-flow wp-block-column-is-layout-flow\"><div class=\"wp-block-image is-resized icon-style is-style-rounded\">\n<figure class=\"aligncenter\"><img decoding=\"async\" src=\"https:\/\/www.walfen.es\/wp-content\/themes\/neve\/assets\/img\/starter-content\/icon-01.svg\" alt=\"\"\/><\/figure>\n<\/div>\n\n\n<div style=\"height:10px\" aria-hidden=\"true\" class=\"wp-block-spacer\"><\/div>\n\n\n\n<h3 class=\"wp-block-heading has-text-align-center has-neve-text-color-color has-text-color\">Metodolog\u00edas \u00e1giles<\/h3>\n\n\n\n<p class=\"has-text-align-center\">Seguimos metodolog\u00edas \u00e1giles y ofrecemos una mayor visibilidad del progreso de su proyecto. Somos transparentes, fiables y siempre cumplimos los plazos.<\/p>\n\n\n\n<div style=\"height:20px\" aria-hidden=\"true\" class=\"wp-block-spacer\"><\/div>\n<\/div>\n<\/div>\n\n\n\n<div class=\"wp-block-cover alignfull\" style=\"min-height:600px;aspect-ratio:unset;\"><span aria-hidden=\"true\" class=\"wp-block-cover__background has-nv-light-bg-background-color has-background-dim-100 has-background-dim\"><\/span><div class=\"wp-block-cover__inner-container is-layout-flow wp-block-cover-is-layout-flow\">\n<div class=\"wp-block-group\"><div class=\"wp-block-group__inner-container is-layout-flow wp-block-group-is-layout-flow\">\n<div style=\"height:80px\" aria-hidden=\"true\" class=\"wp-block-spacer\"><\/div>\n\n\n\n<div class=\"wp-block-columns are-vertically-aligned-center is-layout-flex wp-container-core-columns-is-layout-9d6595d7 wp-block-columns-is-layout-flex\">\n<div class=\"wp-block-column is-vertically-aligned-center is-layout-flow wp-block-column-is-layout-flow\" style=\"flex-basis:50%\">\n<figure class=\"wp-block-image size-full is-resized is-style-default\"><img loading=\"lazy\" decoding=\"async\" width=\"1024\" height=\"576\" src=\"https:\/\/www.walfen.com\/wp-content\/uploads\/2021\/10\/website-image-e1661154568867.jpg\" alt=\"\" class=\"wp-image-153\" srcset=\"https:\/\/www.walfen.com\/wp-content\/uploads\/2021\/10\/website-image-e1661154568867.jpg 1024w, https:\/\/www.walfen.com\/wp-content\/uploads\/2021\/10\/website-image-e1661154568867-300x169.jpg 300w, https:\/\/www.walfen.com\/wp-content\/uploads\/2021\/10\/website-image-e1661154568867-768x432.jpg 768w\" sizes=\"auto, (max-width: 1024px) 100vw, 1024px\" \/><\/figure>\n<\/div>\n\n\n\n<div class=\"wp-block-column is-vertically-aligned-center is-layout-flow wp-block-column-is-layout-flow\" style=\"flex-basis:50%\">\n<div style=\"height:20px\" aria-hidden=\"true\" class=\"wp-block-spacer\"><\/div>\n\n\n\n<h2 class=\"wp-block-heading has-text-align-left has-neve-text-color-color has-text-color\">Aplicaciones web<\/h2>\n\n\n\n<p class=\"has-text-align-left has-neve-text-color-color has-text-color\" style=\"font-size:17px\">Cubrimos el dise\u00f1o, la implementaci\u00f3n, las pruebas, el despliegue y el mantenimiento de cada proyecto, incluido el frontend y el backend. Nuestras aplicaciones cumplen con est\u00e1ndares de seguridad muy altos. Hemos desarrollado aplicaciones financieras completas para bancos suizos.<\/p>\n\n\n\n<div class=\"wp-block-buttons is-horizontal is-content-justification-left is-layout-flex wp-container-core-buttons-is-layout-7e5fce0a wp-block-buttons-is-layout-flex\">\n<div class=\"wp-block-button is-style-primary\"><a class=\"wp-block-button__link wp-element-button\" href=\"http:\/\/walfen.com\/index.php\/es\/sobre-nosotros\/\">M\u00e1s informaci\u00f3n<\/a><\/div>\n<\/div>\n<\/div>\n<\/div>\n\n\n\n<div style=\"height:40px\" aria-hidden=\"true\" class=\"wp-block-spacer\"><\/div>\n<\/div><\/div>\n<\/div><\/div>\n\n\n\n<div class=\"wp-block-cover alignfull\" style=\"min-height:600px;aspect-ratio:unset;\"><span aria-hidden=\"true\" class=\"wp-block-cover__background has-nv-site-bg-background-color has-background-dim-100 has-background-dim\"><\/span><div class=\"wp-block-cover__inner-container is-layout-flow wp-block-cover-is-layout-flow\">\n<div class=\"wp-block-group\"><div class=\"wp-block-group__inner-container is-layout-flow wp-block-group-is-layout-flow\">\n<div style=\"height:80px\" aria-hidden=\"true\" class=\"wp-block-spacer\"><\/div>\n\n\n\n<div class=\"wp-block-columns are-vertically-aligned-center is-layout-flex wp-container-core-columns-is-layout-9d6595d7 wp-block-columns-is-layout-flex\">\n<div class=\"wp-block-column is-vertically-aligned-center is-layout-flow wp-block-column-is-layout-flow\" style=\"flex-basis:50%\">\n<h2 class=\"wp-block-heading has-text-align-left has-neve-text-color-color has-text-color\">APIs<\/h2>\n\n\n\n<p class=\"has-text-align-left has-neve-text-color-color has-text-color\" style=\"font-size:17px\">Creamos APIs que son robustas, resistentes, seguras y f\u00e1ciles de mantener. Nuestra oferta cubre la infraestructura y la configuraci\u00f3n de CI\/CD. Tambi\u00e9n proporcionamos documentaci\u00f3n API completa en l\u00ednea.<\/p>\n\n\n\n<div class=\"wp-block-buttons is-horizontal is-content-justification-left is-layout-flex wp-container-core-buttons-is-layout-7e5fce0a wp-block-buttons-is-layout-flex\">\n<div class=\"wp-block-button is-style-primary\"><a class=\"wp-block-button__link wp-element-button\" href=\"walfen.com\/index.php\/es\/sobre-nosotros\/\" target=\"_blank\" rel=\"noreferrer noopener\">M\u00e1s informaci\u00f3n<\/a><\/div>\n<\/div>\n\n\n\n<div style=\"height:40px\" aria-hidden=\"true\" class=\"wp-block-spacer\"><\/div>\n<\/div>\n\n\n\n<div class=\"wp-block-column is-vertically-aligned-center is-layout-flow wp-block-column-is-layout-flow\" style=\"flex-basis:50%\">\n<figure class=\"wp-block-image size-large is-style-default\"><img loading=\"lazy\" decoding=\"async\" width=\"1024\" height=\"576\" src=\"https:\/\/www.walfen.com\/wp-content\/uploads\/2022\/10\/presentations_16_9_business_presentation_variety_kit-1-1024x576.jpg\" alt=\"\" class=\"wp-image-589\" srcset=\"https:\/\/www.walfen.com\/wp-content\/uploads\/2022\/10\/presentations_16_9_business_presentation_variety_kit-1-1024x576.jpg 1024w, https:\/\/www.walfen.com\/wp-content\/uploads\/2022\/10\/presentations_16_9_business_presentation_variety_kit-1-300x169.jpg 300w, https:\/\/www.walfen.com\/wp-content\/uploads\/2022\/10\/presentations_16_9_business_presentation_variety_kit-1-768x432.jpg 768w, https:\/\/www.walfen.com\/wp-content\/uploads\/2022\/10\/presentations_16_9_business_presentation_variety_kit-1-1536x864.jpg 1536w, https:\/\/www.walfen.com\/wp-content\/uploads\/2022\/10\/presentations_16_9_business_presentation_variety_kit-1.jpg 1920w\" sizes=\"auto, (max-width: 1024px) 100vw, 1024px\" \/><\/figure>\n<\/div>\n<\/div>\n\n\n\n<div style=\"height:40px\" aria-hidden=\"true\" class=\"wp-block-spacer\"><\/div>\n<\/div><\/div>\n<\/div><\/div>\n\n\n\n<div class=\"wp-block-cover alignfull wp-duotone-var--nv-light-bg-var--nv-c-2-1\" style=\"min-height:600px;aspect-ratio:unset;\"><span aria-hidden=\"true\" class=\"wp-block-cover__background has-nv-light-bg-background-color has-background-dim-100 has-background-dim\"><\/span><div class=\"wp-block-cover__inner-container is-layout-flow wp-block-cover-is-layout-flow\">\n<div class=\"wp-block-group\"><div class=\"wp-block-group__inner-container is-layout-flow wp-block-group-is-layout-flow\">\n<div style=\"height:40px\" aria-hidden=\"true\" class=\"wp-block-spacer\"><\/div>\n\n\n\n<div id=\"wp-block-themeisle-blocks-advanced-columns-5a4538bb\" class=\"wp-block-themeisle-blocks-advanced-columns has-1-columns has-desktop-equal-layout has-tablet-equal-layout has-mobile-equal-layout has-vertical-unset\"><div class=\"wp-block-themeisle-blocks-advanced-columns-overlay\"><\/div><div class=\"innerblocks-wrap\">\n<div id=\"wp-block-themeisle-blocks-advanced-column-0387cccf\" class=\"wp-block-themeisle-blocks-advanced-column\">\n<h2 class=\"wp-block-heading has-nv-dark-bg-color has-text-color has-link-color wp-elements-5c7ef728caaa4dca720e4315ecd027cc\">P\u00e1ginas web<\/h2>\n\n\n\n<p class=\"has-neve-link-color-color has-text-color has-link-color wp-elements-d21f4114b9c8d24365ef8843b8a3759a\">Desarrollamos aplicaciones frontend utilizando los \u00faltimos frameworks y tecnolog\u00edas. Nuestros servicios incluyen dise\u00f1o de UI\/UX, infraestructura y configuraci\u00f3n de CI\/CD.<\/p>\n\n\n\n<div class=\"wp-block-buttons is-horizontal is-content-justification-left is-layout-flex wp-container-core-buttons-is-layout-7e5fce0a wp-block-buttons-is-layout-flex\">\n<div class=\"wp-block-button is-style-primary\"><a class=\"wp-block-button__link wp-element-button\" href=\"walfen.com\/index.php\/es\/sobre-nosotros\/\" target=\"_blank\" rel=\"noreferrer noopener\">M\u00e1s informaci\u00f3n<\/a><\/div>\n<\/div>\n<\/div>\n<\/div><\/div>\n\n\n\n<div style=\"height:100px\" aria-hidden=\"true\" class=\"wp-block-spacer\"><\/div>\n\n\n\n<div class=\"wp-block-cover alignfull\" style=\"min-height:600px;aspect-ratio:unset;\"><span aria-hidden=\"true\" class=\"wp-block-cover__background has-nv-site-bg-background-color has-background-dim-100 has-background-dim\"><\/span><div class=\"wp-block-cover__inner-container is-layout-flow wp-block-cover-is-layout-flow\">\n<div class=\"wp-block-group\"><div class=\"wp-block-group__inner-container is-layout-flow wp-block-group-is-layout-flow\">\n<div style=\"height:80px\" aria-hidden=\"true\" class=\"wp-block-spacer\"><\/div>\n\n\n\n<div class=\"wp-block-columns are-vertically-aligned-center is-layout-flex wp-container-core-columns-is-layout-9d6595d7 wp-block-columns-is-layout-flex\">\n<div class=\"wp-block-column is-vertically-aligned-center is-layout-flow wp-block-column-is-layout-flow\" style=\"flex-basis:50%\">\n<h2 class=\"wp-block-heading has-text-align-left has-neve-text-color-color has-text-color\">Aplicaciones m\u00f3viles<\/h2>\n\n\n\n<p class=\"has-text-align-left has-neve-text-color-color has-text-color\" style=\"font-size:17px\">Creamos aplicaciones m\u00f3viles personalizadas para Android e iOS. Nuestra gama de servicios incluye dise\u00f1o de aplicaciones, desarrollo, tests, publicaci\u00f3n y soporte.<\/p>\n\n\n\n<div class=\"wp-block-buttons is-horizontal is-content-justification-left is-layout-flex wp-container-core-buttons-is-layout-7e5fce0a wp-block-buttons-is-layout-flex\">\n<div class=\"wp-block-button is-style-primary\"><a class=\"wp-block-button__link wp-element-button\" href=\"walfen.com\/index.php\/es\/sobre-nosotros\/\" target=\"_blank\" rel=\"noreferrer noopener\">M\u00e1s informaci\u00f3n<\/a><\/div>\n<\/div>\n\n\n\n<div style=\"height:40px\" aria-hidden=\"true\" class=\"wp-block-spacer\"><\/div>\n<\/div>\n\n\n\n<div class=\"wp-block-column is-vertically-aligned-center is-layout-flow wp-block-column-is-layout-flow\" style=\"flex-basis:50%\">\n<figure class=\"wp-block-image size-full is-resized is-style-default\"><img loading=\"lazy\" decoding=\"async\" width=\"1920\" height=\"2400\" src=\"https:\/\/www.walfen.com\/wp-content\/uploads\/2022\/07\/walling-2-a9wDBS1KE-unsplash.jpg\" alt=\"\" class=\"wp-image-409\" srcset=\"https:\/\/www.walfen.com\/wp-content\/uploads\/2022\/07\/walling-2-a9wDBS1KE-unsplash.jpg 1920w, https:\/\/www.walfen.com\/wp-content\/uploads\/2022\/07\/walling-2-a9wDBS1KE-unsplash-240x300.jpg 240w, https:\/\/www.walfen.com\/wp-content\/uploads\/2022\/07\/walling-2-a9wDBS1KE-unsplash-819x1024.jpg 819w, https:\/\/www.walfen.com\/wp-content\/uploads\/2022\/07\/walling-2-a9wDBS1KE-unsplash-768x960.jpg 768w, https:\/\/www.walfen.com\/wp-content\/uploads\/2022\/07\/walling-2-a9wDBS1KE-unsplash-1229x1536.jpg 1229w, https:\/\/www.walfen.com\/wp-content\/uploads\/2022\/07\/walling-2-a9wDBS1KE-unsplash-1638x2048.jpg 1638w\" sizes=\"auto, (max-width: 1920px) 100vw, 1920px\" \/><\/figure>\n<\/div>\n<\/div>\n\n\n\n<div style=\"height:40px\" aria-hidden=\"true\" class=\"wp-block-spacer\"><\/div>\n<\/div><\/div>\n<\/div><\/div>\n<\/div><\/div>\n\n\n\n<div class=\"wp-block-cover alignfull\" style=\"min-height:600px;aspect-ratio:unset;\"><span aria-hidden=\"true\" class=\"wp-block-cover__background has-nv-light-bg-background-color has-background-dim-100 has-background-dim\"><\/span><div class=\"wp-block-cover__inner-container is-layout-flow wp-block-cover-is-layout-flow\">\n<h2 class=\"wp-block-heading has-neve-link-color-color has-text-color has-link-color wp-elements-4e7ff4b0caeeed235a1f6da1556a18c9\">Integraciones<\/h2>\n\n\n\n<p class=\"has-neve-link-color-color has-text-color has-link-color wp-elements-f2e4991cac09d712ab2472a74ea8eda6\">Tenemos una larga experiencia en el desarrollo de soluciones de integraci\u00f3n para diversos sectores. Hemos integrado aplicaciones financieras complejas, plataformas de arquitectura y construcci\u00f3n y soluciones de inicio de sesi\u00f3n \u00fanico.<\/p>\n\n\n\n<div class=\"wp-block-buttons is-horizontal is-content-justification-left is-layout-flex wp-container-core-buttons-is-layout-7e5fce0a wp-block-buttons-is-layout-flex\">\n<div class=\"wp-block-button is-style-primary\"><a class=\"wp-block-button__link wp-element-button\" href=\"walfen.com\/index.php\/es\/sobre-nosotros\/\">M\u00e1s informaci\u00f3n<\/a><\/div>\n<\/div>\n\n\n\n<p><\/p>\n<\/div><\/div>\n<\/div><\/div>\n\n\n\n<div class=\"wp-block-cover alignfull\" style=\"min-height:600px;aspect-ratio:unset;\"><span aria-hidden=\"true\" class=\"wp-block-cover__background has-nv-dark-bg-background-color has-background-dim-100 has-background-dim\"><\/span><div class=\"wp-block-cover__inner-container is-layout-flow wp-block-cover-is-layout-flow\">\n<div class=\"wp-block-group\"><div class=\"wp-block-group__inner-container is-layout-flow wp-block-group-is-layout-flow\">\n<div style=\"height:80px\" aria-hidden=\"true\" class=\"wp-block-spacer\"><\/div>\n\n\n\n<div class=\"wp-block-columns are-vertically-aligned-center is-layout-flex wp-container-core-columns-is-layout-9d6595d7 wp-block-columns-is-layout-flex\">\n<div class=\"wp-block-column is-vertically-aligned-center is-layout-flow wp-block-column-is-layout-flow\" style=\"flex-basis:50%\">\n<figure class=\"wp-block-image is-style-default\"><img decoding=\"async\" src=\"https:\/\/www.walfen.es\/wp-content\/themes\/neve\/assets\/img\/starter-content\/card-03.jpg\" alt=\"\"\/><\/figure>\n<\/div>\n\n\n\n<div class=\"wp-block-column is-vertically-aligned-center is-layout-flow wp-block-column-is-layout-flow\" style=\"flex-basis:50%\">\n<div style=\"height:40px\" aria-hidden=\"true\" class=\"wp-block-spacer\"><\/div>\n\n\n\n<h2 class=\"wp-block-heading has-text-align-left has-nv-text-dark-bg-color has-text-color\">Nuestros valores<\/h2>\n\n\n\n<p class=\"has-text-align-left has-nv-text-dark-bg-color has-text-color\" style=\"font-size:17px\">Somos honestos, transparentes, eficientes y flexibles.<\/p>\n\n\n\n<div class=\"wp-block-buttons is-horizontal is-content-justification-left is-layout-flex wp-container-core-buttons-is-layout-7e5fce0a wp-block-buttons-is-layout-flex\">\n<div class=\"wp-block-button is-style-primary\"><a class=\"wp-block-button__link wp-element-button\" href=\"walfen.com\/index.php\/es\/sobre-nosotros\/\">M\u00e1s informaci\u00f3n<\/a><\/div>\n<\/div>\n<\/div>\n<\/div>\n\n\n\n<div style=\"height:40px\" aria-hidden=\"true\" class=\"wp-block-spacer\"><\/div>\n<\/div><\/div>\n<\/div><\/div>\n\n\n\n<h2 class=\"wp-block-heading has-text-align-center has-neve-link-color-color has-nv-text-dark-bg-background-color has-text-color has-background\">Trabajemos juntos en tu<br>pr\u00f3ximo proyecto<\/h2>\n\n\n\n<p class=\"has-text-align-center has-neve-link-color-color has-nv-site-bg-background-color has-text-color has-background has-medium-font-size\">Cont\u00e1ctanos para obtener un presupuesto gratuito o simplemente para hablar de tu proyecto. Te ayudaremos a crear tu aplicaci\u00f3n perfecta.<\/p>\n\n\n\n<p><\/p>\n\n\n\n<div class=\"wp-block-buttons is-horizontal is-content-justification-center is-layout-flex wp-container-core-buttons-is-layout-499968f5 wp-block-buttons-is-layout-flex\">\n<div class=\"wp-block-button is-style-primary\"><a class=\"wp-block-button__link wp-element-button\" href=\"https:\/\/www.walfen.com\/index.php\/es\/contacto\">Cont\u00e1ctanos<\/a><\/div>\n<\/div>\n\n\n\n<div style=\"height:100px\" aria-hidden=\"true\" class=\"wp-block-spacer\"><\/div>\n\n\n\n<div style=\"height:100px\" aria-hidden=\"true\" class=\"wp-block-spacer\"><\/div>\n\n\n\n<div class=\"wp-block-columns is-layout-flex wp-container-core-columns-is-layout-9d6595d7 wp-block-columns-is-layout-flex\">\n<div class=\"wp-block-column is-layout-flow wp-block-column-is-layout-flow\" style=\"flex-basis:50%\">\n<p class=\"has-text-align-left has-nv-dark-bg-color has-text-color\" style=\"font-size:11px\">Walfen Technologies, S.L.U. participa en el programa de apoyo a las empresas innovadores con potencial tecnologico escalable del Instituto de Fomento de la Region de Murcia. Nuestro proyecto de empresa escalable, con expediente 2022.08.EPTE.000021, ha resultado beneficiario de una subvencion, cofinanciada hasta un 80% mediante el Fondo Europeo de Desarollo Regional (FEDER). <\/p>\n\n\n\n<div class=\"wp-block-buttons is-horizontal is-content-justification-left is-layout-flex wp-container-core-buttons-is-layout-7e5fce0a wp-block-buttons-is-layout-flex\"><\/div>\n\n\n\n<div style=\"height:40px\" aria-hidden=\"true\" class=\"wp-block-spacer\"><\/div>\n<\/div>\n\n\n\n<div class=\"wp-block-column is-vertically-aligned-center is-layout-flow wp-block-column-is-layout-flow\" style=\"flex-basis:50%\"><div class=\"wp-block-image is-style-default\">\n<figure class=\"aligncenter size-full is-resized\"><img loading=\"lazy\" decoding=\"async\" width=\"351\" height=\"143\" src=\"https:\/\/www.walfen.com\/wp-content\/uploads\/2022\/10\/info-2.jpg\" alt=\"\" class=\"wp-image-701\" style=\"width:263px;height:107px\" srcset=\"https:\/\/www.walfen.com\/wp-content\/uploads\/2022\/10\/info-2.jpg 351w, https:\/\/www.walfen.com\/wp-content\/uploads\/2022\/10\/info-2-300x122.jpg 300w\" sizes=\"auto, (max-width: 351px) 100vw, 351px\" \/><\/figure>\n<\/div><\/div>\n<\/div>\n","protected":false},"excerpt":{"rendered":"<p>Experiencia Poseemos una larga experiencia en la entrega de aplicaciones web seguras para empresas y organizaciones internacionales. Flexibilidad Nuestras soluciones se pueden adaptar a tus necesidades. En Walfen hacemos software que cumple con tus necesidades. Metodolog\u00edas \u00e1giles Seguimos metodolog\u00edas \u00e1giles y ofrecemos una mayor visibilidad del progreso de su proyecto. Somos transparentes, fiables y siempre&hellip;&nbsp;<a href=\"https:\/\/www.walfen.com\/index.php\/es\/desarrollo-de-software\/\" class=\"\" rel=\"bookmark\">Read More &raquo;<span class=\"screen-reader-text\">Walfen<\/span><\/a><\/p>\n","protected":false},"author":1,"featured_media":0,"parent":0,"menu_order":0,"comment_status":"closed","ping_status":"closed","template":"","meta":{"neve_meta_sidebar":"","neve_meta_container":"","neve_meta_enable_content_width":"on","neve_meta_content_width":100,"neve_meta_title_alignment":"left","neve_meta_author_avatar":"","neve_post_elements_order":"","neve_meta_disable_header":"","neve_meta_disable_footer":"","neve_meta_disable_title":"on","_themeisle_gutenberg_block_has_review":false,"footnotes":""},"class_list":["post-782","page","type-page","status-publish","hentry"],"_links":{"self":[{"href":"https:\/\/www.walfen.com\/index.php\/wp-json\/wp\/v2\/pages\/782","targetHints":{"allow":["GET"]}}],"collection":[{"href":"https:\/\/www.walfen.com\/index.php\/wp-json\/wp\/v2\/pages"}],"about":[{"href":"https:\/\/www.walfen.com\/index.php\/wp-json\/wp\/v2\/types\/page"}],"author":[{"embeddable":true,"href":"https:\/\/www.walfen.com\/index.php\/wp-json\/wp\/v2\/users\/1"}],"replies":[{"embeddable":true,"href":"https:\/\/www.walfen.com\/index.php\/wp-json\/wp\/v2\/comments?post=782"}],"version-history":[{"count":36,"href":"https:\/\/www.walfen.com\/index.php\/wp-json\/wp\/v2\/pages\/782\/revisions"}],"predecessor-version":[{"id":1291,"href":"https:\/\/www.walfen.com\/index.php\/wp-json\/wp\/v2\/pages\/782\/revisions\/1291"}],"wp:attachment":[{"href":"https:\/\/www.walfen.com\/index.php\/wp-json\/wp\/v2\/media?parent=782"}],"curies":[{"name":"wp","href":"https:\/\/api.w.org\/{rel}","templated":true}]}}